3
What is the hundreds digit of 4088 + 6/3 + (-2 - 0)?
0
Let k = 230 - 182. What is the units digit of k?
8
Let j = -49 - -76. Suppose -19 = -q + j. What is the tens digit of q?
4
Let i = 802 - -1126. What is the hundreds digit of i?
9
Suppose 2*m + k - 15 = 0, 5*m - 5*k - 23 = m. Let a = m + -5. What is the tens digit of -2 + 3/a*18?
2
Suppose r + 20 = 22. Suppose r*p - 17*p = -4095. What is the units digit of p?
3
Let u be (-22)/121 + (-152)/11. What is the tens digit of (-3)/(-6) + (-343)/u?
2
Suppose 5*r - 10 = -0. Suppose -5*v - a + 570 = -5*a, -r*v - a + 228 = 0. What is the units digit of v?
4
Let p(t) = t**2 - 7*t + 5. Let s(g) = 5*g**2 - 28*g + 21. Let r be 0 + (1 + 1 - 0). Let j(q) = r*s(q) - 9*p(q). What is the units digit of j(6)?
5
Let c be (14 + -8)*(0 - (-14)/4). Suppose -5*t = -244 - c. What is the units digit of t?
3
Let o = 600 + -134. What is the units digit of o?
6
Let w = -12 + 18. Suppose -2*h = -3*p + 7, -w*p = -3*h - p - 13. Suppose h*y - 2*y - 78 = 0. What is the tens digit of y?
3
Suppose -3*k + 2*k + 257 = r, 1276 = 5*k + 2*r. What is the tens digit of k?
5
Suppose 4*v = 2*p - 316, 4*p + v + 469 = 7*p. Suppose -2*s + 2*f = -p, -3*s + 4*f + 189 = -45. What is the units digit of s?
8
Let r = 366 + 208. What is the hundreds digit of r?
5
Suppose 5174 = 4*r - 5*b, 5*r + 4*b - 5156 = r. What is the hundreds digit of r?
2
Let h(x) = x**3 + 18*x**2 + 20*x + 37. Let j be h(-17). Let d(p) = p**2 - 5*p - 39. What is the tens digit of d(j)?
2
Suppose k + 4*k + 10 = 0. Let w be ((-24)/(-18))/(k/(-27)). Let c = 25 - w. What is the units digit of c?
7
Let q(h) = -2*h**3 - 11*h**2 + 11*h + 35. What is the units digit of q(-8)?
7
Suppose -101 - 242 = -7*a. What is the units digit of a - (-6 + 4 - -2)?
9
Suppose -46 + 4 = 3*s. Let w = s + 16. Suppose 26 = -w*p + 3*p. What is the units digit of p?
6
Let q(v) = v**2 + 16*v + 23. Suppose -u - f = 21, -3*f - 37 = u - 8. What is the tens digit of q(u)?
4
Let q = -21 - -21. Suppose q*a + a = 5. Suppose -a*o + 9*o = 60. What is the units digit of o?
5
Let a be 12/(-10)*40/(-12). Suppose 0 = -u - 0 - a. Let p(f) = -f**2 - 6*f - 4. What is the units digit of p(u)?
4
Suppose 9188 = -58*g + 62*g. What is the tens digit of g?
9
Let w(i) = 4*i**2 + 3*i - 23. Let s be w(-7). Suppose s = 3*d - 175. What is the units digit of d?
9
Let g = -915 - -1363. What is the units digit of g?
8
Let q be ((-9)/2)/((-3)/4). Let g be -2 + (q - 3) + 7. Suppose s = g - 4. What is the units digit of s?
4
Let b(u) = -30*u**2 + u + 1. Let f be b(-1). What is the units digit of ((-36)/(-10))/(f/(-375))?
5
Let o(a) be the first derivative of 2*a**2 + 5*a**2 - 8*a**2 + 6 + 3*a. What is the units digit of o(0)?
3
Suppose -5*i + 126 + 624 = 0. What is the tens digit of 7970/i - 4/30?
5
Let n = 7106 + -2548. What is the thousands digit of n?
4
Suppose -b - 8 = -6. Let r be (-3 + (-6)/(-2))/b. Suppose 0 = 3*n + 5*c - 52, -48 = -4*n + 4*c - r*c. What is the tens digit of n?
1
Let k(v) = -23*v + 39. What is the tens digit of k(-11)?
9
Suppose 176*t = 192*t - 24960. What is the thousands digit of t?
1
Let z(j) = -6*j + 11*j - 3*j. Let a(d) = -d. Let y(t) = -12*a(t) - 5*z(t). What is the tens digit of y(9)?
1
Suppose -d = -3, -x + 0*x - 4*d = -40. Let r be -2*(50/(-4))/5. Suppose r*j - x = -3*f + 9, -9 = -f - 5*j. What is the tens digit of f?
1
Let a(b) = -b + b**2 - 45 + 45. Let p be a(2). Suppose 2*k + 4*x - 44 = 0, -p*k + 34 = 3*x - 12. What is the tens digit of k?
2
Suppose -2*z - z + 2*w = -15, w = -5*z + 12. Suppose m + 2*b = z*m - 378, 4*m = b + 750. What is the tens digit of m?
8
Let v = -2 + -2. Let a(s) be the second derivative of -s**4/12 - 5*s**3/6 + 3*s**2/2 - s. What is the units digit of a(v)?
7
Let h(d) = -d - 2. Let n be h(4). Suppose 5*x = 2*k - 34, 5*x + 58 = 6*k - 2*k. Let b = k + n. What is the units digit of b?
6
Let t(r) = r**2 + 7*r + 54. What is the units digit of t(-12)?
4
Let z = 56 + -127. Let h = z - -127. What is the units digit of h?
6
Let u = 6627 - 3703. What is the units digit of u?
4
What is the units digit of -2 - (2 + -37 + 5)?
8
Let d(j) = j**3 - 14*j**2 - 11*j - 10. Suppose 3*x - 112 = -4*x. Let v be d(x). Suppose z = -5*h + v, 4*h - 299 = -3*z - 47. What is the tens digit of h?
6
Let u = 353 + 73. What is the units digit of u?
6
Let q(u) = 3*u + 0 + 2*u - 3. Let c be (9 - 3) + 2*-1. What is the tens digit of q(c)?
1
Let h = 22 - 23. Let g = 3 - h. Suppose -3*v - 2*s + 162 = s, 3*s = -g*v + 221. What is the tens digit of v?
5
Let f = 42 + 15. Suppose 81 + f = 3*w. What is the tens digit of w?
4
Let f = -1912 + 3367. What is the hundreds digit of f?
4
Let j = 6 + -10. Let d be 303/33 - j/(-22). What is the units digit of (3/d)/(1/15)?
5
Suppose 6*u + 86 - 644 = 0. Suppose -5*y + u = 2*q, y + 7*q - 15 = 3*q. What is the tens digit of y?
1
Let c = -139 + 34. Let j = c + 257. What is the units digit of j?
2
Let j(q) = 340*q + 362. What is the units digit of j(6)?
2
What is the units digit of 225 + 100/15*(-30)/25?
7
Let t be 0/(6*(-5)/10). Let s(p) = 3*p**2 - p + 3. Let n be s(3). Suppose x - 5*q - 23 = t, 0*x + n = x - 4*q. What is the units digit of x?
3
Let m(s) = -6*s - 25. Let c be m(-5). Suppose 0*n - j = -c*n + 516, -416 = -4*n + 4*j. What is the units digit of n?
3
Suppose -2690 = -3*c - 5*o + 4538, 3*o + 12058 = 5*c. What is the thousands digit of c?
2
Let f(u) = 1982*u**3 + 3*u**2 - 3*u - 1. What is the hundreds digit of f(1)?
9
Let k(x) = 5*x**2 - 42*x + 127. What is the thousands digit of k(32)?
3
Suppose -1926 = -179*z + 173*z. What is the tens digit of z?
2
Let y(x) = 16*x**2 - 23*x + 6. What is the hundreds digit of y(9)?
0
Let j = 3999 - 2833. What is the tens digit of j?
6
Let n(m) = -m + 10. Let v be n(7). Let c(x) = 6*x - x**v + 0*x - 4*x**2 + 12 - 2. What is the units digit of c(-5)?
5
Suppose 0 = 845*i - 844*i - 3042. What is the units digit of i?
2
Let p(d) = -d**2 - d - 1. Let g be p(-3). Let j(n) = -13*n - 6. What is the units digit of j(g)?
5
Let r(i) = -9*i**2 - 7*i + 3. Let b(g) = 9*g**2 + 6*g - 2. Let d(h) = -3*b(h) - 2*r(h). Let c be d(-3). Let x = -40 - c. What is the units digit of x?
9
What is the hundreds digit of ((-3)/2 - 0)/(19/(-8056))?
6
Let y be (-862)/(-8) + 2/8. Let h(g) = -4*g - 169. Let p be h(-23). Let u = y + p. What is the units digit of u?
1
Suppose -4*i - 12 = 0, 205 = y + 2*i - 160. What is the tens digit of y?
7
Let s(i) = -2 + 4*i**2 + 0*i**2 + 4*i - i**2 - 4*i**2. Let c be s(2). Suppose -c*h + h - 28 = -5*m, -h - 16 = -3*m. What is the units digit of m?
6
Let j be (-2 - 3) + 8/(-4). Let z = j + 13. Let k = z + 35. What is the units digit of k?
1
Suppose -24875 = -88*f + 46229. What is the units digit of f?
8
Suppose 0 = -5*l + 16 + 4. Let w = -450 + 450. Suppose l*p - 4 = -w. What is the units digit of p?
1
Let o(z) = 24*z**3 + 5*z**2 + 13*z - 37. What is the tens digit of o(5)?
5
Suppose 8795 = 9*r - 9619. What is the thousands digit of r?
2
Suppose -5*v = -h + 246, -5*h + 5*v + 1251 = v. What is the tens digit of h?
5
Let s(f) = -7*f**3 + 13*f**2 + f + 25. Let q(n) = -3*n**3 + 7*n**2 + n + 12. Let a(g) = -5*q(g) + 2*s(g). What is the units digit of a(10)?
0
Suppose -2*f - 15*f + 1445 = 0. What is the tens digit of f?
8
Let w(b) = -3*b - 18. Let i be w(0). Let p = i - -47. What is the tens digit of p?
2
Let a be ((-2)/(-7))/(2/28). Let y(g) = -6 + 8*g + 2 + 1. What is the tens digit of y(a)?
2
Suppose 0 = -105*i + 64*i + 63837. What is the units digit of i?
7
Suppose -4*k + 3*q = -4615, -k = -q - 1088 - 65. What is the thousands digit of k?
1
Let d(z) = 2*z - 17. Let w be d(-14). Let m be (4/(-5))/(6/w). Suppose -m = -t - 2*f + 28, 4*t - 81 = 3*f. What is the tens digit of t?
2
Let w(o) = -o**2 + 6*o + 3. Let k be w(5). Let t be (16/6)/(k/(-24)). What is the units digit of 1/(-4) - 74/t?
9
Let z be 428/18 + 16/72. Suppose 9*j + z = 6*j. What is the units digit of (j/(-5))/((-2)/(-15))?
2
Let p(l) be the third derivative of -l**6/120 + l**5/12 + 5*l**4/24 - 5*l**3/6 - 14*l**2. What is the units digit of p(5)?
0
Let a(b) = -b**3 + 10*b**2 - 9*b - 10. Let c be a(8). Let s = c + -42. What is the units digit of s?
4
Suppose -1393 = -3*u - 4*m, 0 = -u - 10*m + 14*m + 443. What is the units digit of u?
9
Suppose 3 = -5*p + 6*p. Suppose 5*u + 41